, 503
Suppose 3*i + 5 = -2*b + 6*b, 5*i - 15 = -5*b. Let d(m) = 9*m**3 + m**3 - 2*m**3 - 22*m + 3*m**b + 18*m. List the prime factors of d(3).
3, 7, 11
Let l be (3*-1)/(17/119). List the prime factors of 1806/12*(-12)/l.
2, 43
List the prime factors of ((-138)/230 - (-32)/(-5)) + 27*609.
2, 7, 587
Let n = 1323 - -4108. List the prime factors of n.
5431
Let m = 862 + -879. Let d be 0 + 2 - 8 - -2. List the prime factors of (18 + -2)/(d/(m + 1)).
2
Suppose 0 = -4*v - 3*n + 61384, 3*v - 46028 = 12*n - 13*n. List the prime factors of v.
2, 5, 13, 59
Let o(y) = -23*y - 11. Let u be o(-2). Suppose -u*f = -22*f - 8047. What are the prime factors of f?
619
Suppose 0 = 65*k - 32*k - 625185. What are the prime factors of k?
3, 5, 421
Let a be 1 - 5/(15/(-9)). Suppose 277 = -a*g - 95. Let q = g + 238. What are the prime factors of q?
5, 29
Let z(c) = 12*c - 4. Let s be z(4). Let u = s - 44. Suppose 8*x - 180 - 1012 = u. What are the prime factors of x?
149
Suppose -5*b - 47751 = -2*w, -48643 = -2*w + 2*b - 883. What are the prime factors of w?
3, 19, 419
Let a be -4 + 10 + 3/6*-4. Suppose 0 = -2*j - u + 1440, 0 = -4*j - a*u - 365 + 3237. What are the prime factors of j?
2, 19
Suppose -48 = -3*q - 12*g + 10*g, 0 = 4*q + 2*g - 62. Suppose -q*p + 16*p = 1540. List the prime factors of p.
2, 5, 7, 11
Let i = -16840 + 33263. What are the prime factors of i?
11, 1493
Suppose -150 = k + k. What are the prime factors of (5 - k)/8 + 3?
13
Let a = -15594 + 24098. What are the prime factors of a?
2, 1063
Let o = -293 - -294. List the prime factors of -3*(o + (-14320)/24).
1787
Let w be 30*7/((-175)/(-15)). Suppose -5863 = 5*s - w*s. What are the prime factors of s?
11, 41
Let v(q) = 118*q + 881. What are the prime factors of v(7)?
3, 569
List the prime factors of 25923 + 0 - (-36)/(5 - -4).
11, 2357
Suppose 279*r = 280*r - 1181. Let l = -778 + r. List the prime factors of l.
13, 31
Let f be 195/(-1 + 4) - -4. Suppose 5*z + 4*i - 343 = -0*z, -f = -z - i. List the prime factors of z - (-8)/(-4) - 3.
2, 31
Suppose 4*u - 4*l - 60 = 0, -2*u + 4*u = -l + 15. Let c(g) = 33*g - 23. Let x(n) = 65*n - 39. Let y(v) = -11*c(v) + 6*x(v). What are the prime factors of y(u)?
17
Let p(j) = -2*j - 10 + 15 + 3*j**2 - 43. List the prime factors of p(9).
11, 17
Let t(g) be the third derivative of -g**5/60 + g**4/2 - 9*g**3/2 - 17*g**2. Let o be t(9). Suppose 10*d = -o*d + 1320. List the prime factors of d.
2, 3, 11
Let p(d) = -21*d**2 + 45*d - 12. Let h be p(16). What are the prime factors of (-24)/84 - h/21?
2, 3, 37
Suppose -207*x + 84059 - 73215 + 420751 = 0. What are the prime factors of x?
3, 5, 139
Suppose 0 = 11*z - 35154 - 116184. What are the prime factors of z?
2, 3, 2293
Suppose 3*c - 18 = -j, 0*c - 4*c + 24 = -j. Suppose 0 = -c*k - 4379 + 13325. Suppose 6*n - 13*n = -k. What are the prime factors of n?
3, 71
What are the prime factors of 6 + ((-3 - -1)*-4 - -7925)?
17, 467
Let g(w) = 3*w**2 + 5*w - 26. Let k be (4 - 0) + (-1 - -5). List the prime factors of g(k).
2, 103
Suppose 377 = r + 377. Suppose -6*m + 9*m - x - 806 = 0, -m - 5*x + 274 = r. What are the prime factors of m?
269
Suppose -5*s + s + 5 = -3*i, 2*i + 10 = 4*s. Suppose 5*m - 5985 = -i*q, 21*q - 4*m = 16*q + 6030. What are the prime factors of q?
2, 601
Let l(v) = -9*v - 58. Let s(k) = 10*k + 57. Let i(t) = -3*l(t) - 4*s(t). What are the prime factors of i(-35)?
401
Suppose -5*x + 49 = -171. Let i = 47 - x. Suppose g = 4*l + 130, -4*g + i*l + 546 = -0*g. List the prime factors of g.
2, 3, 23
Suppose 42896*q - 42885*q = 103796. What are the prime factors of q?
2, 7, 337
Let a be 126/24 + 8/(-32). Let d(i) = 262*i + 88. List the prime factors of d(a).
2, 3, 233
Suppose 0 = 2*q + 4, 98*q - 95*q = 2*o - 13386. What are the prime factors of o?
2, 3, 5, 223
Let b(u) = 13*u**3 - 2*u**2 - u - 1. Let p be -4*(-1)/16 - (-26)/(-8). Let w be (1/(-1)*p)/(138/92). What are the prime factors of b(w)?
3, 31
Let s(o) = -16299*o**3 - 29*o**2 - 31*o + 1. List the prime factors of s(-1).
2, 3, 11, 13, 19
Suppose 3 = -2*x - 1, -2*x + 69956 = 5*a. List the prime factors of a.
2, 3, 11, 53
Suppose 156 = 5*c - 8*c. Let y = 55 + c. Suppose -4*l - 11 = -y*b, -5*b - l + 2*l = -24. List the prime factors of b.
5
Suppose -3*v - 27077 + 144368 = 0. List the prime factors of v.
39097
Suppose 8*r + 1228 = -3*g + 3*r, 0 = 3*g - 4*r + 1264. Let i = g - -773. What are the prime factors of i?
3, 7, 17
Suppose -9664 = 4*a + 2*u - 68162, 3*a - 43861 = -4*u. List the prime factors of a.
14627
Let z = 223 + -221. What are the prime factors of (-379017)/(-345) - (z - (-24)/(-10))?
7, 157
Let f = 25 - 37. Let i be (94/5)/(f/(-60)). Suppose -j + i = h + 22, 4*j = 5*h + 297. What are the prime factors of j?
73
Let s = 48 - 33. Let x(l) = 22 + 3*l**2 - 16 + 9*l - 21*l - 2*l**2 + 12. List the prime factors of x(s).
3, 7
Let h(u) = 2398*u + 435. What are the prime factors of h(14)?
31, 1097
What are the prime factors of 21125 + 4/(-5)*530/(-212)?
37, 571
Suppose 2*v - 5*i = 14048, v + 0*v - 2*i = 7026. List the prime factors of v.
2, 3517
Suppose 0 = 5*u - 137*u + 583011 + 1329801. What are the prime factors of u?
43, 337
List the prime factors of 5830/6 - (-15)/45.
2, 3
Let v = -276 - -280. What are the prime factors of (-6)/30 + v/((-40)/(-6342))?
2, 317
Let j be (-2)/(1/(-4) - 20/80). Suppose 3*g - 2*o + 2515 = 6*g, -j*g + 5*o = -3384. What are the prime factors of g?
29
Suppose 11*h = -10*h + 116571. Suppose h = -154*w + 161*w. List the prime factors of w.
13, 61
Let p = 553 - 187. Let j = p - 321. List the prime factors of j.
3, 5
Let r(v) = -8*v**2 - 478*v - 333. List the prime factors of r(-57).
3, 307
Let a be ((-12)/8)/((-3)/4). Suppose -2*w - a*w - 4 = 0. Let c(f) = -56*f + 4. List the prime factors of c(w).
2, 3, 5
Suppose 23*q - 76 = 4*q. List the prime factors of 321 + 0 - (q + -4).
3, 107
Suppose -5*y = -3*s, -2*y + 22 = -5*s - y. List the prime factors of -8 - (-50 + (-25)/s).
37
Let i be ((-98)/(-21))/(4/12). Suppose -i*k + 1476 = -10*k. What are the prime factors of k?
3, 41
Let i(o) = 2*o**2 + 15*o + 39. Let v be i(-4). Suppose v*z - 14*z = -888. What are the prime factors of z?
2, 37
Let g = -148 + 152. Suppose 0 = -5*v + 2*z - z + 46, -v + 5 = g*z. List the prime factors of v.
3
Let o(x) = 8*x - 48. Let g be o(6). Suppose g = -33*y + 15*y + 11034. What are the prime factors of y?
613
Suppose -2*i + 29 - 9 = 0. Let z be 4/(16/6)*i/3. Suppose -221 - 118 = -2*u - x, -z*x - 657 = -4*u. What are the prime factors of u?
2, 3, 7
Suppose -7431*a = -7433*a + 4046. What are the prime factors of a?
7, 17
Suppose 37*b + 41 = -3*s + 38*b, 4*s - 2*b + 58 = 0. What are the prime factors of (-5470)/(-15)*s/(-8)?
547
Let c(l) = 10*l**2 + 43*l - 258. What are the prime factors of c(12)?
2, 3, 283
Suppose 6*i - 18 + 12 = 0. Let w be (i - 13)/(4/80). Let y = w - -500. What are the prime factors of y?
2, 5, 13
Suppose 57 - 27 = 6*i. Suppose 1298 = 3*p - j, 4*j + i - 9 = 0. What are the prime factors of p?
433
Let p(g) = 244*g + 45. Let q(l) = 241*l + 44. Let z(y) = -2*p(y) + 3*q(y). List the prime factors of z(3).
3, 83
Let l = 17951 + -8935. What are the prime factors of l?
2, 7, 23
Let y(z) = -z**2 + 18*z - 27. Let r be y(16). Suppose 4*n - 202 = -d + 121, r*d - 3*n = 1615. List the prime factors of d.
17, 19
Suppose 2*s + 5*k = 22099, 3*s - s - 3*k - 22091 = 0. List the prime factors of s.
11047
Suppose -4*g = -h - 157, -3*g - 4*h + 62 = -70. Let m(b) = 12 + 13 - g + b + 4*b. List the prime factors of m(5).
2, 5
Let p(f) = -f**3 - 9*f**2 - 11*f - 6. Let z be p(-11). Let o = z + -100. What are the prime factors of o?
257
Let g(t) = 77*t**2 + t - 3. Suppose 97*n - 101*n + 4 = 0. List the prime factors of g(n).
3, 5
Suppose 2*p + 0*p = 5*j + 209, 0 = -p + 2*j + 103. Let w = p + -97. Suppose -g + 103 + 92 = w. List the prime factors of g.
3, 5, 13
Let a(t) = 910*t**3 - 4*t**2 + 6*t - 3. List the prime factors of a(2).
7, 1039
Let u = -448 + 454. Suppose 438 = u*i - 4*i + 4*c, 4*c = 4*i - 900. List the prime factors of i.
223
Suppose -75*y + 11*y + 1102132 + 46732 = 0. List the prime factors of y.
29, 619
What are the prime factors of 347982/(-8)*(-30 - 2580/(-90))?
59, 983
List the prime factors of (40094/8)/((-197)/(-2364)).
3, 20047
Let w(s) = 3824*s